of 93389473?
3
What is the tens digit of 141266306?
0
What is the hundred thousands digit of 3526968?
5
What is the tens digit of 1202461088?
8
What is the tens digit of 405929612?
1
What is the units digit of 780195637?
7
What is the thousands digit of 348847968?
7
What is the tens digit of 239086957?
5
What is the units digit of 81418171?
1
What is the ten millions digit of 1460297444?
6
What is the hundred thousands digit of 336894719?
8
What is the billions digit of 1550768343?
1
What is the thousands digit of 973499921?
9
What is the tens digit of 42850958?
5
What is the millions digit of 1331518890?
1
What is the hundred thousands digit of 11825937?
8
What is the ten millions digit of 659945945?
5
What is the units digit of 769604728?
8
What is the hundreds digit of 519991980?
9
What is the ten thousands digit of 77916228?
1
What is the millions digit of 72647252?
2
What is the hundred thousands digit of 1425112?
4
What is the hundred thousands digit of 1430627086?
6
What is the ten thousands digit of 1979883238?
8
What is the units digit of 6035251093?
3
What is the hundred thousands digit of 49247126?
2
What is the billions digit of 1039964011?
1
What is the units digit of 110887705?
5
What is the hundreds digit of 5788249581?
5
What is the hundreds digit of 45017175?
1
What is the millions digit of 84490527?
4
What is the tens digit of 68906059?
5
What is the hundred millions digit of 3734490710?
7
What is the thousands digit of 1322138460?
8
What is the hundred millions digit of 556222896?
5
What is the ten thousands digit of 46670805?
7
What is the ten thousands digit of 246843867?
4
What is the ten thousands digit of 3470271855?
7
What is the tens digit of 503879651?
5
What is the units digit of 1819908863?
3
What is the millions digit of 52237238?
2
What is the tens digit of 301712607?
0
What is the hundred millions digit of 1144369750?
1
What is the units digit of 212428858?
8
What is the hundred millions digit of 944356611?
9
What is the thousands digit of 108681972?
1
What is the millions digit of 393241542?
3
What is the millions digit of 453860142?
3
What is the thousands digit of 115402688?
2
What is the ten thousands digit of 166311459?
1
What is the thousands digit of 1770019402?
9
What is the thousands digit of 81430930?
0
What is the hundred millions digit of 2211792273?
2
What is the ten millions digit of 99709159?
9
What is the thousands digit of 179077480?
7
What is the tens digit of 103639398?
9
What is the tens digit of 36559965?
6
What is the tens digit of 544670?
7
What is the millions digit of 38781700?
8
What is the hundreds digit of 2033906757?
7
What is the units digit of 61941903?
3
What is the millions digit of 45808203?
5
What is the ten millions digit of 56076234?
5
What is the hundreds digit of 5348604649?
6
What is the thousands digit of 191542074?
2
What is the units digit of 1565479570?
0
What is the millions digit of 816841857?
6
What is the ten millions digit of 5547013692?
4
What is the ten millions digit of 273724367?
7
What is the millions digit of 344423745?
4
What is the hundred thousands digit of 581661138?
6
What is the thousands digit of 4479171?
9
What is the thousands digit of 19094978?
4
What is the millions digit of 338283976?
8
What is the hundred millions digit of 1101417056?
1
What is the hundred thousands digit of 16105734?
1
What is the hundreds digit of 1211023844?
8
What is the hundred millions digit of 181560921?
1
What is the thousands digit of 263588857?
8
What is the ten thousands digit of 77172281?
7
What is the units digit of 198613947?
7
What is the millions digit of 3781076300?
1
What is the hundred thousands digit of 366603258?
6
What is the hundred millions digit of 2367608869?
3
What is the hundreds digit of 1995386315?
3
What is the hundred thousands digit of 38829217?
8
What is the hundred thousands digit of 181867527?
8
What is the billions digit of 1805968614?
1
What is the ten millions digit of 31019007?
3
What is the ten millions digit of 63209342?
6
What is the ten thousands digit of 196603854?
0
What is the millions digit of 239730716?
9
What is the hundreds digit of 122654543?
5
What is the hundred thousands digit of 880039204?
0
What is the tens digit of 99019674?
7
What is the thousands digit of 2204802?
4
What is the units digit of 1515143474?
4
What is the tens digit of 318917556?
5
What is the tens digit of 1156075588?
8
What is the thousands digit of 7897115?
7
What is the ten millions digit of 3529385230?
2
What is the tens digit of 60051901?
0
What is the tens digit of 137047191?
9
What is the hundred millions digit of 502090768?
5
What is the ten thousands digit of 443766275?
6
What is the hundred thousands digit of 135942234?
9
What is the tens digit of 43496182?
8
What is the millions digit of 3245009548?
5
What is the hundreds digit of 44539865?
8
What is the units digit of 232759963?
3
What is the hundred thousands digit of 2261196167?
1
What is the tens digit of 365484721?
2
What is the units digit of 435781722?
2
What is the ten thousands digit of 679498063?
9
What is the thousands digit of 1321878598?
8
What is the millions digit of 566192255?
6
What is the hundred millions digit of 447467617?
4
What is the tens digit of 806455184?
8
What is the ten millions digit of 62554829?
6
What is the hundred thousands digit of 635155900?
1
What is the hundred millions digit of 2285353870?
2
What is the hundred thousands digit of 338477528?
4
What is the hundreds digit of 2787292133?
1
What is the units digit of 2217887455?
5
What is the ten millions digit of 831092914?
3
What is the hundreds digit of 15758800?
8
What is the hundred millions digit of 709698181?
7
What is the hundred millions digit of 344080499?
3
What is the hundreds digit of 338346418?
4
What is the tens digit of 409008619?
1
What is the millions digit of 3039385610?
9
What is the hundred thousands digit of 3208454?
2
What is the thousands digit of 102403921?
3
What is the hundred thousands digit of 159657?
1
What is the hundreds digit of 251380781?
7
What is the millions digit of 56578777?
6
What is the millions digit of 309051595?
9
What is the thousands digit of 783439097?
9
What is the hundred millions digit of 233040751?
2
What is the thousands digit of 65432534?
2
What is the tens digit of 3844538313?
1
What is the ten thousands digit of 49819486?
1
What is the tens digit of 4940959?
5
What is the hundred thousands digit of 15748909?
7
What is the billions digit of 2545081596?
2
What is the thousands digit of 31808003?
8
What is the thousands digit of 249546149?
6
What is the hundred thousands digit of 156765408?
7
What is the tens digit of 3319350420?
2
What is the hundreds digit of 187570836?
8
What is the thousands digit of 670982283?
2
What is the thousands digit of 167926361?
6
What is the hundreds digit of 541942271?
2
What is the thousands digit of 109417051?
7
What is the thousands digit of 1492591413?
1
What is the millions digit of 127724602?
7
What is the ten thousands digit of 630213816?
1
What is the millions digit of 347052739?
7
What is the ten thousands digit of 79296577?
9
What is the thousands digit of 86701228?
1
What is the tens digit of 35474575?
7
What is the units digit of 33896711?
1
What is the units digit of 1527821870?
0
What is the units digit of 58975214?
4
What is the units digit of 102746244?
4
What is the thousands digit of 35131816?
1
What is the thousands digit of 405944851?
4
What is the hundreds digit of 6402142390?
3
What is the hundreds digit of 88279853?
8
What is the hundred thousands digit of 809884130?
8
What is the billions digit of 1782987443?
1
What is the hundred millions digit of 120020635?
1
What is the hundred thousands digit of 621844799?
8
What is the ten millions digit of 2732608195?
3
What is the ten thousands digit of 3943579?
4
What is the hundred thousands digit of 356363573?
3
What is the hundred thousands digit of 901943208?
9
What is the ten millions digit of 19694592?
1
What is the millions digit of 28746846?
8
What is the hundred millions digit of 4937062731?
9
What is the hundred thousands digit of 618061941?
0
What is the millions digit of 703276423?
3
What is the thousands digit of 80606671?
6
What is the ten thousa